8)/18*l/8?
3, 29
Suppose 181136 - 35552 = 48*q. What are the prime factors of q?
3, 337
Let f(u) = 0*u**2 + 5*u - 3*u**2 + 4 + 5*u**2 + u**2. What are the prime factors of f(-4)?
2
Let o(j) = 51*j + 1. Suppose -s - 5*q = -12, -2*s - 3*q - 6 = -8*q. Let t be o(s). Let w = t - 59. List the prime factors of w.
2, 11
Let q(z) be the third derivative of 5*z**4/24 + 22*z**3/3 + 53*z**2. What are the prime factors of q(18)?
2, 67
List the prime factors of 11*1 - (-2416 - -61).
2, 7, 13
Let n(y) = 4*y**2 - 3*y**2 + 8 + 0 + 3*y + 1. List the prime factors of n(-8).
7
Suppose -587 = -n + 5*r, 4*n - 2*n - 1218 = -r. What are the prime factors of n?
607
Let j = -43 - -48. Suppose j*i = 5*p + 225, i + 0 = 4*p + 39. List the prime factors of i.
47
Let n(p) be the first derivative of 13*p**2/2 + 6*p - 5. Let g be n(6). Let o = g - 44. List the prime factors of o.
2, 5
Suppose -181 = -5*z - 2*s + 352, 5*z - 4*s = 539. List the prime factors of z.
107
Let x = -1727 + 2936. List the prime factors of x.
3, 13, 31
Let b = -49 - -73. Let c(m) = -18*m**3 - m**2 - 3*m - 2. Let k be c(-1). Suppose 3*y - b = k. List the prime factors of y.
2, 7
Let j = 310 - 187. Suppose 441 = 6*d - j. What are the prime factors of d?
2, 47
Suppose j - 2*p - 195 = 2430, 5*p = -5*j + 13050. What are the prime factors of j?
5, 523
Let u be 3/(1/(2/2)). Suppose -m - 3*p = -122, 4*m + 0*m + u*p = 497. Suppose -5*g = -0*g - m. List the prime factors of g.
5
Let x = -122 - -246. Suppose -7*g = -3*g - x. Suppose 0 = 2*p + g - 89. What are the prime factors of p?
29
Suppose -25 + 0 = -5*r. Suppose 0 = -r*h + h + 112. Suppose -6*q - q + h = 0. List the prime factors of q.
2
Suppose 2*x = 2238 + 610. List the prime factors of x.
2, 89
Let x(n) be the third derivative of n**5/60 - n**4/2 + 2*n**3 + 8*n**2. Let w be x(11). What are the prime factors of (w - 3)/(12/(-174))?
29
Let g(f) = -144*f - 283. What are the prime factors of g(-17)?
5, 433
Let h(d) = 4*d**2 + 20*d + 78. What are the prime factors of h(-15)?
2, 3, 113
Let t = 1399 - 876. What are the prime factors of t?
523
Let h = -21 + 36. Suppose -g = -5*p - 26, 0 = 2*p - 0*p - 5*g + h. What are the prime factors of (384/(-40))/(1/p)?
2, 3
Let g(d) = d - 10. Let r be g(0). Let h = r + 16. List the prime factors of -12*-1*15/h.
2, 3, 5
Suppose 4*f - 7750 = -3*u - 2*u, 5*f - 1550 = -u. List the prime factors of u.
2, 5, 31
Let a = 18 + -23. Let u be 2 + a + 7 - -70. Let j = -48 + u. What are the prime factors of j?
2, 13
Let r be (-232)/(-10) - -3 - 5/25. Suppose r*y = 22*y + 164. List the prime factors of y.
41
Suppose 6*y - 62 = 16. Suppose -y*w = -9*w - 752. What are the prime factors of w?
2, 47
Let z(m) = m**2 + 7*m + 10. Let c be z(-6). Suppose j = -o - 2*j, -4*o + c*j = -48. What are the prime factors of o?
3
Suppose -5*t - 24 = -9*t. What are the prime factors of 170 - (5 - (t + -2))?
13
List the prime factors of ((4 - 6) + 3)*536.
2, 67
Let x(t) be the third derivative of -5*t**4/24 - 19*t**3/6 - 13*t**2. What are the prime factors of x(-9)?
2, 13
Let i(t) = 6*t**2 + t - 2. Let w be i(3). Let u(l) = l**3 + 4*l**2 - 9*l + 2. Let h be u(-4). Let b = w - h. What are the prime factors of b?
17
Suppose 5*q - 88 - 37 = 0. Let z = -14 + q. Let t(m) = -m**2 + 13*m + 12. List the prime factors of t(z).
2, 17
Let s be 4/(-6)*3 - -6. Suppose -s*p + 184 = -536. List the prime factors of p.
2, 3, 5
Let b(t) = t**3 - 7*t**2 + 12*t - 5. Let i = 38 - 44. Let h be (69/(-18) - -3)*i. What are the prime factors of b(h)?
5
Let w = 1038 - 482. List the prime factors of w.
2, 139
Suppose 3*m + 5*b - 43 = 0, 0*b - 2*b - 2 = 0. Let t = m - 4. Let x(r) = -r**2 + 17*r - 16. What are the prime factors of x(t)?
2, 11
Let a = -505 - -1686. List the prime factors of a.
1181
Suppose 0 = 3*m + 2586 - 4416. List the prime factors of m.
2, 5, 61
Suppose -4*y - 16 = 0, -4*s + y + 123 = -129. Suppose -13 = -5*l + s. What are the prime factors of l?
3, 5
Suppose 13*j = 16495 + 3109. List the prime factors of j.
2, 13, 29
Let u(o) = o**3 - 5*o**2 - 5*o - 2. Let y be u(6). Let d(q) = 4*q**2 + 5*q**2 - 3 - 7*q**2 + q. List the prime factors of d(y).
3, 11
Suppose -4686 = -5*b - 3*d, -7*b + 11*b - 3*d = 3738. List the prime factors of b.
2, 3, 13
Let n = 14 - 17. Let b be 4*(n + 12/8). What are the prime factors of (-4 - b - 5)*-8?
2, 3
Let t(u) be the first derivative of u**3/3 + 3*u**2/2 + 3*u - 1. Let l be t(-5). Suppose c = -10 + l. List the prime factors of c.
3
Let c be (-4 - -9)*(-3)/(-5). Suppose -c*f - f + 960 = 0. Suppose 15*h - f = 10*h. List the prime factors of h.
2, 3
Suppose 0 = z - 43 - 81. Suppose -2*q - 5*i + 203 = 0, z - 415 = -3*q - 3*i. Suppose -2*r - m = 3*r - 121, -2*m = -4*r + q. What are the prime factors of r?
2, 3
Let t(r) = -299*r + 288. List the prime factors of t(-6).
2, 3, 347
Let g = -18 - -20. What are the prime factors of ((-312)/(-36))/(g/9)?
3, 13
Let c = 3452 + -1743. What are the prime factors of c?
1709
Let h(q) = -20 - 2*q**2 - 8*q + 36*q + 5*q. List the prime factors of h(15).
5
Suppose 3176 + 12864 = 8*z. What are the prime factors of z?
5, 401
Let x be 11 - (0 - -1 - 1). Suppose -8*t + x*t + 12 = 0. Let a = t + 9. List the prime factors of a.
5
Let z(t) = -t**3 - 5*t**2 - 4*t + 5. Let m be z(-4). Suppose 2*r - 4*y = -0*y + 64, 148 = m*r - 4*y. What are the prime factors of r?
2, 7
List the prime factors of 4/(((-40)/(-165))/2).
3, 11
Suppose 204*d - 195*d - 31680 = 0. List the prime factors of d.
2, 5, 11
Suppose k - 2*m + 3 + 4 = 0, -3*k = 4*m - 29. Suppose -4*l - 23 = -0*l - k*t, -18 = 4*l + 2*t. Let s = l - -13. List the prime factors of s.
2
Suppose 217*g - 216*g - 3508 = -j, 4*j + 12 = 0. What are the prime factors of g?
3511
Suppose -2*d = -5*d. Suppose 2*z + 0 - 8 = d. List the prime factors of 16/z*(-28)/(-8).
2, 7
Let p = 191 - 161. Let a be (-19)/1 - (1 + 0). Let c = p + a. List the prime factors of c.
2, 5
Suppose -24*w = -4145 - 2743. What are the prime factors of w?
7, 41
What are the prime factors of 2254*(-3 + 42/12*1)?
7, 23
Let m(z) = 2683*z - 42. List the prime factors of m(1).
19, 139
Suppose 0 = -2*x + 11 - 3. Suppose -s - 292 = -3*u, x*s - 482 = -5*u + s. Suppose u = 5*i - 43. List the prime factors of i.
2, 7
What are the prime factors of 3612*(234/27 - 8)?
2, 7, 43
Let q(l) = -2*l**3 - 6*l**2 - 14*l - 10. What are the prime factors of q(-5)?
2, 5
Let w = 15 - 12. Let f be w/9 - 8/(-3). Suppose 3*p - 19 = -2*q - 2, 5*q + f*p - 56 = 0. List the prime factors of q.
13
What are the prime factors of ((-156)/91)/(1/(-217))?
2, 3, 31
Let v(y) = 58*y + 702. List the prime factors of v(44).
2, 1627
Let b(d) = d**2 - 9*d + 9. Let f be b(6). Let a(l) = -l**3 - 9*l**2 - 10*l - 8. Let h be a(f). Suppose 5*g - 78 = h. What are the prime factors of g?
2
Suppose -14*r - 4*h - 9381 = -17*r, -9405 = -3*r - 4*h. What are the prime factors of r?
31, 101
Suppose -4*y = -5*o + 790, -3*o + 146 = -y - 48. Let d = y + 280. Suppose n - 6*n = -d. List the prime factors of n.
2
Let r = 0 - -4. Suppose 5*n = r*l - 1341, 0 = 5*l + 5*n - 2*n - 1630. Suppose 8*c - c - l = 0. List the prime factors of c.
47
Let m = -47 - -39. Let c(v) = 2*v + 21. List the prime factors of c(m).
5
Let i(m) = 19*m**2 - 15*m - 25. What are the prime factors of i(-4)?
3, 113
Let h = -58 - -704. List the prime factors of h.
2, 17, 19
What are the prime factors of (3 + 1747)*(22 - 20)?
2, 5, 7
Suppose 12*c = 6 + 1182. Suppose m - c = 5*j, -3*j - 252 = -5*m + 199. What are the prime factors of m?
89
Let g be 22/99 + 4/(-18). Suppose -6*f + 27 + 195 = g. List the prime factors of f.
37
Let c = 1499 + 1120. What are the prime factors of c?
3, 97
Let g = -7 + -15. Let v = -5 - g. List the prime factors of v.
17
Let q be -1*((1 - 0) + (-14 - -10)). Let b(c) = 6*c**3 - c**2 - c + 8. List the prime factors of b(q).
2, 79
Suppose -4*i + h = -74, 2*i = 4*i - 2*h - 34. Let o = i - 14. Suppose o*y - 5 = 2*g, -5*y - 8 = -5*g + 2. What are the prime factors of g?
5
Let l be 270/(-14) - (-16)/56. List the prime factors of ((-19)/l)/(((-4)/(-254))/2).
127
Let f(j) = 55*j - 440. List the prime factors of f(34).
2, 5, 11, 13
Let x be ((-360)/(-20))/((-2)/(-9)). Let d = -31 + x. What are the prime factors of d?
2, 5
Let i(q) = -q**3 + 4*q**2 + 4*q + 5. Let n be i(5). Suppose 